{"id":454,"date":"2021-01-09T14:43:45","date_gmt":"2021-01-09T14:43:45","guid":{"rendered":"http:\/\/mhamichiana.org\/?post_type=event&#038;p=454"},"modified":"2021-01-20T14:07:54","modified_gmt":"2021-01-20T14:07:54","slug":"understanding-grief-and-loss-in-a-time-of-covid","status":"publish","type":"event","link":"https:\/\/mhamichiana.org\/es\/event\/understanding-grief-and-loss-in-a-time-of-covid\/","title":{"rendered":"Comprender el duelo y la p\u00e9rdida en tiempos de COVID"},"content":{"rendered":"<p>Nos acompa\u00f1ar\u00e1 Holly Farmer, del Centro de Cuidados Paliativos, para hablar sobre el proceso de duelo y c\u00f3mo apoyar a quienes est\u00e1n de duelo en estos tiempos de pandemia.<\/p>","protected":false},"excerpt":{"rendered":"<p>Nos acompa\u00f1ar\u00e1 Holly Farmer, del Centro de Cuidados Paliativos, para hablar sobre el proceso de duelo y c\u00f3mo apoyar a quienes est\u00e1n de duelo en estos tiempos de pandemia.<\/p>","protected":false},"author":1,"featured_media":526,"template":"","class_list":["post-454","event","type-event","status-publish","has-post-thumbnail","hentry"],"yoast_head":"<!-- This site is optimized with the Yoast SEO plugin v27.4 - https:\/\/yoast.com\/product\/yoast-seo-wordpress\/ -->\n<title>Understanding Grief and Loss in a time of COVID - Mental Health Awareness of Michiana<\/title>\n<meta name=\"robots\" content=\"index, follow, max-snippet:-1, max-image-preview:large, max-video-preview:-1\" \/>\n<link rel=\"canonical\" href=\"https:\/\/mhamichiana.org\/es\/event\/understanding-grief-and-loss-in-a-time-of-covid\/\" \/>\n<meta property=\"og:locale\" content=\"es_MX\" \/>\n<meta property=\"og:type\" content=\"article\" \/>\n<meta property=\"og:title\" content=\"Understanding Grief and Loss in a time of COVID - Mental Health Awareness of Michiana\" \/>\n<meta property=\"og:description\" content=\"We will be joined by Holly Farmer from the Center for Hospice Care to talk about the grief process and how to support those who are grieving in this time of pandemic.\" \/>\n<meta property=\"og:url\" content=\"https:\/\/mhamichiana.org\/es\/event\/understanding-grief-and-loss-in-a-time-of-covid\/\" \/>\n<meta property=\"og:site_name\" content=\"Mental Health Awareness of Michiana\" \/>\n<meta property=\"article:modified_time\" content=\"2021-01-20T14:07:54+00:00\" \/>\n<meta property=\"og:image\" content=\"https:\/\/mhamichiana.org\/wp-content\/uploads\/2021\/01\/women-talking.jpg\" \/>\n\t<meta property=\"og:image:width\" content=\"1440\" \/>\n\t<meta property=\"og:image:height\" content=\"960\" \/>\n\t<meta property=\"og:image:type\" content=\"image\/jpeg\" \/>\n<meta name=\"twitter:card\" content=\"summary_large_image\" \/>\n<script type=\"application\/ld+json\" class=\"yoast-schema-graph\">{\"@context\":\"https:\\\/\\\/schema.org\",\"@graph\":[{\"@type\":\"WebPage\",\"@id\":\"https:\\\/\\\/mhamichiana.org\\\/event\\\/understanding-grief-and-loss-in-a-time-of-covid\\\/\",\"url\":\"https:\\\/\\\/mhamichiana.org\\\/event\\\/understanding-grief-and-loss-in-a-time-of-covid\\\/\",\"name\":\"Understanding Grief and Loss in a time of COVID - Mental Health Awareness of Michiana\",\"isPartOf\":{\"@id\":\"https:\\\/\\\/mhamichiana.org\\\/#website\"},\"primaryImageOfPage\":{\"@id\":\"https:\\\/\\\/mhamichiana.org\\\/event\\\/understanding-grief-and-loss-in-a-time-of-covid\\\/#primaryimage\"},\"image\":{\"@id\":\"https:\\\/\\\/mhamichiana.org\\\/event\\\/understanding-grief-and-loss-in-a-time-of-covid\\\/#primaryimage\"},\"thumbnailUrl\":\"https:\\\/\\\/mhamichiana.org\\\/wp-content\\\/uploads\\\/2021\\\/01\\\/women-talking.jpg\",\"datePublished\":\"2021-01-09T14:43:45+00:00\",\"dateModified\":\"2021-01-20T14:07:54+00:00\",\"breadcrumb\":{\"@id\":\"https:\\\/\\\/mhamichiana.org\\\/event\\\/understanding-grief-and-loss-in-a-time-of-covid\\\/#breadcrumb\"},\"inLanguage\":\"es\",\"potentialAction\":[{\"@type\":\"ReadAction\",\"target\":[\"https:\\\/\\\/mhamichiana.org\\\/event\\\/understanding-grief-and-loss-in-a-time-of-covid\\\/\"]}]},{\"@type\":\"ImageObject\",\"inLanguage\":\"es\",\"@id\":\"https:\\\/\\\/mhamichiana.org\\\/event\\\/understanding-grief-and-loss-in-a-time-of-covid\\\/#primaryimage\",\"url\":\"https:\\\/\\\/mhamichiana.org\\\/wp-content\\\/uploads\\\/2021\\\/01\\\/women-talking.jpg\",\"contentUrl\":\"https:\\\/\\\/mhamichiana.org\\\/wp-content\\\/uploads\\\/2021\\\/01\\\/women-talking.jpg\",\"width\":1440,\"height\":960},{\"@type\":\"BreadcrumbList\",\"@id\":\"https:\\\/\\\/mhamichiana.org\\\/event\\\/understanding-grief-and-loss-in-a-time-of-covid\\\/#breadcrumb\",\"itemListElement\":[{\"@type\":\"ListItem\",\"position\":1,\"name\":\"Home\",\"item\":\"https:\\\/\\\/mhamichiana.org\\\/\"},{\"@type\":\"ListItem\",\"position\":2,\"name\":\"Event\",\"item\":\"https:\\\/\\\/mhamichiana.org\\\/event\\\/\"},{\"@type\":\"ListItem\",\"position\":3,\"name\":\"Understanding Grief and Loss in a time of COVID\"}]},{\"@type\":\"WebSite\",\"@id\":\"https:\\\/\\\/mhamichiana.org\\\/#website\",\"url\":\"https:\\\/\\\/mhamichiana.org\\\/\",\"name\":\"Mental Health Awareness of Michiana\",\"description\":\"Eliminate Stigma, Build Collaboration, Ensure Access to Care\",\"publisher\":{\"@id\":\"https:\\\/\\\/mhamichiana.org\\\/#organization\"},\"potentialAction\":[{\"@type\":\"SearchAction\",\"target\":{\"@type\":\"EntryPoint\",\"urlTemplate\":\"https:\\\/\\\/mhamichiana.org\\\/?s={search_term_string}\"},\"query-input\":{\"@type\":\"PropertyValueSpecification\",\"valueRequired\":true,\"valueName\":\"search_term_string\"}}],\"inLanguage\":\"es\"},{\"@type\":\"Organization\",\"@id\":\"https:\\\/\\\/mhamichiana.org\\\/#organization\",\"name\":\"Mental Health Awareness of Michiana\",\"url\":\"https:\\\/\\\/mhamichiana.org\\\/\",\"logo\":{\"@type\":\"ImageObject\",\"inLanguage\":\"es\",\"@id\":\"https:\\\/\\\/mhamichiana.org\\\/#\\\/schema\\\/logo\\\/image\\\/\",\"url\":\"https:\\\/\\\/mhamichiana.org\\\/wp-content\\\/uploads\\\/2024\\\/12\\\/MHAM-MHA-White-1.png\",\"contentUrl\":\"https:\\\/\\\/mhamichiana.org\\\/wp-content\\\/uploads\\\/2024\\\/12\\\/MHAM-MHA-White-1.png\",\"width\":2560,\"height\":427,\"caption\":\"Mental Health Awareness of Michiana\"},\"image\":{\"@id\":\"https:\\\/\\\/mhamichiana.org\\\/#\\\/schema\\\/logo\\\/image\\\/\"}}]}<\/script>\n<!-- \/ Yoast SEO plugin. -->","yoast_head_json":{"title":"Comprender el duelo y la p\u00e9rdida en tiempos de COVID - Concientizaci\u00f3n sobre la salud mental de Michiana","robots":{"index":"index","follow":"follow","max-snippet":"max-snippet:-1","max-image-preview":"max-image-preview:large","max-video-preview":"max-video-preview:-1"},"canonical":"https:\/\/mhamichiana.org\/es\/event\/understanding-grief-and-loss-in-a-time-of-covid\/","og_locale":"es_MX","og_type":"article","og_title":"Understanding Grief and Loss in a time of COVID - Mental Health Awareness of Michiana","og_description":"We will be joined by Holly Farmer from the Center for Hospice Care to talk about the grief process and how to support those who are grieving in this time of pandemic.","og_url":"https:\/\/mhamichiana.org\/es\/event\/understanding-grief-and-loss-in-a-time-of-covid\/","og_site_name":"Mental Health Awareness of Michiana","article_modified_time":"2021-01-20T14:07:54+00:00","og_image":[{"width":1440,"height":960,"url":"https:\/\/mhamichiana.org\/wp-content\/uploads\/2021\/01\/women-talking.jpg","type":"image\/jpeg"}],"twitter_card":"summary_large_image","schema":{"@context":"https:\/\/schema.org","@graph":[{"@type":"WebPage","@id":"https:\/\/mhamichiana.org\/event\/understanding-grief-and-loss-in-a-time-of-covid\/","url":"https:\/\/mhamichiana.org\/event\/understanding-grief-and-loss-in-a-time-of-covid\/","name":"Comprender el duelo y la p\u00e9rdida en tiempos de COVID - Concientizaci\u00f3n sobre la salud mental de Michiana","isPartOf":{"@id":"https:\/\/mhamichiana.org\/#website"},"primaryImageOfPage":{"@id":"https:\/\/mhamichiana.org\/event\/understanding-grief-and-loss-in-a-time-of-covid\/#primaryimage"},"image":{"@id":"https:\/\/mhamichiana.org\/event\/understanding-grief-and-loss-in-a-time-of-covid\/#primaryimage"},"thumbnailUrl":"https:\/\/mhamichiana.org\/wp-content\/uploads\/2021\/01\/women-talking.jpg","datePublished":"2021-01-09T14:43:45+00:00","dateModified":"2021-01-20T14:07:54+00:00","breadcrumb":{"@id":"https:\/\/mhamichiana.org\/event\/understanding-grief-and-loss-in-a-time-of-covid\/#breadcrumb"},"inLanguage":"es","potentialAction":[{"@type":"ReadAction","target":["https:\/\/mhamichiana.org\/event\/understanding-grief-and-loss-in-a-time-of-covid\/"]}]},{"@type":"ImageObject","inLanguage":"es","@id":"https:\/\/mhamichiana.org\/event\/understanding-grief-and-loss-in-a-time-of-covid\/#primaryimage","url":"https:\/\/mhamichiana.org\/wp-content\/uploads\/2021\/01\/women-talking.jpg","contentUrl":"https:\/\/mhamichiana.org\/wp-content\/uploads\/2021\/01\/women-talking.jpg","width":1440,"height":960},{"@type":"BreadcrumbList","@id":"https:\/\/mhamichiana.org\/event\/understanding-grief-and-loss-in-a-time-of-covid\/#breadcrumb","itemListElement":[{"@type":"ListItem","position":1,"name":"Home","item":"https:\/\/mhamichiana.org\/"},{"@type":"ListItem","position":2,"name":"Event","item":"https:\/\/mhamichiana.org\/event\/"},{"@type":"ListItem","position":3,"name":"Understanding Grief and Loss in a time of COVID"}]},{"@type":"WebSite","@id":"https:\/\/mhamichiana.org\/#website","url":"https:\/\/mhamichiana.org\/","name":"Concientizaci\u00f3n sobre la salud mental en Michiana","description":"Eliminar el estigma, fomentar la colaboraci\u00f3n y garantizar el acceso a la atenci\u00f3n m\u00e9dica.","publisher":{"@id":"https:\/\/mhamichiana.org\/#organization"},"potentialAction":[{"@type":"SearchAction","target":{"@type":"EntryPoint","urlTemplate":"https:\/\/mhamichiana.org\/?s={search_term_string}"},"query-input":{"@type":"PropertyValueSpecification","valueRequired":true,"valueName":"search_term_string"}}],"inLanguage":"es"},{"@type":"Organization","@id":"https:\/\/mhamichiana.org\/#organization","name":"Concientizaci\u00f3n sobre la salud mental en Michiana","url":"https:\/\/mhamichiana.org\/","logo":{"@type":"ImageObject","inLanguage":"es","@id":"https:\/\/mhamichiana.org\/#\/schema\/logo\/image\/","url":"https:\/\/mhamichiana.org\/wp-content\/uploads\/2024\/12\/MHAM-MHA-White-1.png","contentUrl":"https:\/\/mhamichiana.org\/wp-content\/uploads\/2024\/12\/MHAM-MHA-White-1.png","width":2560,"height":427,"caption":"Mental Health Awareness of Michiana"},"image":{"@id":"https:\/\/mhamichiana.org\/#\/schema\/logo\/image\/"}}]}},"_links":{"self":[{"href":"https:\/\/mhamichiana.org\/es\/wp-json\/wp\/v2\/event\/454","targetHints":{"allow":["GET"]}}],"collection":[{"href":"https:\/\/mhamichiana.org\/es\/wp-json\/wp\/v2\/event"}],"about":[{"href":"https:\/\/mhamichiana.org\/es\/wp-json\/wp\/v2\/types\/event"}],"author":[{"embeddable":true,"href":"https:\/\/mhamichiana.org\/es\/wp-json\/wp\/v2\/users\/1"}],"wp:featuredmedia":[{"embeddable":true,"href":"https:\/\/mhamichiana.org\/es\/wp-json\/wp\/v2\/media\/526"}],"wp:attachment":[{"href":"https:\/\/mhamichiana.org\/es\/wp-json\/wp\/v2\/media?parent=454"}],"curies":[{"name":"wp","href":"https:\/\/api.w.org\/{rel}","templated":true}]}}

Comprender el duelo y la pérdida en tiempos de COVID

<p>Nos acompañará Holly Farmer, del Centro de Cuidados Paliativos, para hablar sobre el proceso de duelo y cómo apoyar a quienes están de duelo en estos tiempos de pandemia.</p>

Comprender el duelo y la pérdida en tiempos de COVID - Concientización sobre la salud mental de Michiana

Concientización sobre la salud mental en Michiana

Eliminar el estigma, fomentar la colaboración y garantizar el acceso a la atención médica.
