{"id":2128,"date":"2021-02-11T22:38:32","date_gmt":"2021-02-11T22:38:32","guid":{"rendered":"http:\/\/mhamichiana.org\/?post_type=event&#038;p=2128"},"modified":"2021-02-11T22:40:05","modified_gmt":"2021-02-11T22:40:05","slug":"misguided-frustrations-trauma-and-the-black-experience-short-notes-on-a-long-topic","status":"publish","type":"event","link":"https:\/\/mhamichiana.org\/es\/event\/misguided-frustrations-trauma-and-the-black-experience-short-notes-on-a-long-topic\/","title":{"rendered":"Frustraciones mal encaminadas: El trauma y la experiencia negra, breves notas sobre un tema extenso."},"content":{"rendered":"<p>Debra Stanley, fundadora y directora de Imani Unidad, y su colega Baye Sylvester, participar\u00e1n en esta presentaci\u00f3n virtual. Los participantes aprender\u00e1n sobre el impacto del racismo hist\u00f3rico, emocional e institucional en la comunidad afroamericana.<\/p>","protected":false},"excerpt":{"rendered":"<p>Debra Stanley, fundadora y directora de Imani Unidad, y su colega Baye Sylvester, participar\u00e1n en esta presentaci\u00f3n virtual. Los participantes aprender\u00e1n sobre el impacto del racismo hist\u00f3rico, emocional e institucional en la comunidad afroamericana.<\/p>","protected":false},"author":2,"featured_media":0,"template":"","class_list":["post-2128","event","type-event","status-publish","hentry"],"yoast_head":"<!-- This site is optimized with the Yoast SEO plugin v27.4 - https:\/\/yoast.com\/product\/yoast-seo-wordpress\/ -->\n<title>Misguided Frustrations: Trauma and the Black Experience, Short Notes on a Long Topic - Mental Health Awareness of Michiana<\/title>\n<meta name=\"description\" content=\"Participants will learn about the impact of historical, emotional and institutional racism on the Black community.\" \/>\n<meta name=\"robots\" content=\"index, follow, max-snippet:-1, max-image-preview:large, max-video-preview:-1\" \/>\n<link rel=\"canonical\" href=\"https:\/\/mhamichiana.org\/es\/event\/misguided-frustrations-trauma-and-the-black-experience-short-notes-on-a-long-topic\/\" \/>\n<meta property=\"og:locale\" content=\"es_MX\" \/>\n<meta property=\"og:type\" content=\"article\" \/>\n<meta property=\"og:title\" content=\"Misguided Frustrations: Trauma and the Black Experience, Short Notes on a Long Topic - Mental Health Awareness of Michiana\" \/>\n<meta property=\"og:description\" content=\"Participants will learn about the impact of historical, emotional and institutional racism on the Black community.\" \/>\n<meta property=\"og:url\" content=\"https:\/\/mhamichiana.org\/es\/event\/misguided-frustrations-trauma-and-the-black-experience-short-notes-on-a-long-topic\/\" \/>\n<meta property=\"og:site_name\" content=\"Mental Health Awareness of Michiana\" \/>\n<meta property=\"article:modified_time\" content=\"2021-02-11T22:40:05+00:00\" \/>\n<meta property=\"og:image\" content=\"https:\/\/mhamichiana.org\/wp-content\/uploads\/2021\/01\/MHAM_OG-IMG.jpg\" \/>\n\t<meta property=\"og:image:width\" content=\"1200\" \/>\n\t<meta property=\"og:image:height\" content=\"630\" \/>\n\t<meta property=\"og:image:type\" content=\"image\/jpeg\" \/>\n<meta name=\"twitter:card\" content=\"summary_large_image\" \/>\n<meta name=\"twitter:label1\" content=\"Tiempo de lectura\" \/>\n\t<meta name=\"twitter:data1\" content=\"1 minuto\" \/>\n<script type=\"application\/ld+json\" class=\"yoast-schema-graph\">{\"@context\":\"https:\\\/\\\/schema.org\",\"@graph\":[{\"@type\":\"WebPage\",\"@id\":\"https:\\\/\\\/mhamichiana.org\\\/event\\\/misguided-frustrations-trauma-and-the-black-experience-short-notes-on-a-long-topic\\\/\",\"url\":\"https:\\\/\\\/mhamichiana.org\\\/event\\\/misguided-frustrations-trauma-and-the-black-experience-short-notes-on-a-long-topic\\\/\",\"name\":\"Misguided Frustrations: Trauma and the Black Experience, Short Notes on a Long Topic - Mental Health Awareness of Michiana\",\"isPartOf\":{\"@id\":\"https:\\\/\\\/mhamichiana.org\\\/#website\"},\"datePublished\":\"2021-02-11T22:38:32+00:00\",\"dateModified\":\"2021-02-11T22:40:05+00:00\",\"description\":\"Participants will learn about the impact of historical, emotional and institutional racism on the Black community.\",\"breadcrumb\":{\"@id\":\"https:\\\/\\\/mhamichiana.org\\\/event\\\/misguided-frustrations-trauma-and-the-black-experience-short-notes-on-a-long-topic\\\/#breadcrumb\"},\"inLanguage\":\"es\",\"potentialAction\":[{\"@type\":\"ReadAction\",\"target\":[\"https:\\\/\\\/mhamichiana.org\\\/event\\\/misguided-frustrations-trauma-and-the-black-experience-short-notes-on-a-long-topic\\\/\"]}]},{\"@type\":\"BreadcrumbList\",\"@id\":\"https:\\\/\\\/mhamichiana.org\\\/event\\\/misguided-frustrations-trauma-and-the-black-experience-short-notes-on-a-long-topic\\\/#breadcrumb\",\"itemListElement\":[{\"@type\":\"ListItem\",\"position\":1,\"name\":\"Home\",\"item\":\"https:\\\/\\\/mhamichiana.org\\\/\"},{\"@type\":\"ListItem\",\"position\":2,\"name\":\"Event\",\"item\":\"https:\\\/\\\/mhamichiana.org\\\/event\\\/\"},{\"@type\":\"ListItem\",\"position\":3,\"name\":\"Misguided Frustrations: Trauma and the Black Experience, Short Notes on a Long Topic\"}]},{\"@type\":\"WebSite\",\"@id\":\"https:\\\/\\\/mhamichiana.org\\\/#website\",\"url\":\"https:\\\/\\\/mhamichiana.org\\\/\",\"name\":\"Mental Health Awareness of Michiana\",\"description\":\"Eliminate Stigma, Build Collaboration, Ensure Access to Care\",\"publisher\":{\"@id\":\"https:\\\/\\\/mhamichiana.org\\\/#organization\"},\"potentialAction\":[{\"@type\":\"SearchAction\",\"target\":{\"@type\":\"EntryPoint\",\"urlTemplate\":\"https:\\\/\\\/mhamichiana.org\\\/?s={search_term_string}\"},\"query-input\":{\"@type\":\"PropertyValueSpecification\",\"valueRequired\":true,\"valueName\":\"search_term_string\"}}],\"inLanguage\":\"es\"},{\"@type\":\"Organization\",\"@id\":\"https:\\\/\\\/mhamichiana.org\\\/#organization\",\"name\":\"Mental Health Awareness of Michiana\",\"url\":\"https:\\\/\\\/mhamichiana.org\\\/\",\"logo\":{\"@type\":\"ImageObject\",\"inLanguage\":\"es\",\"@id\":\"https:\\\/\\\/mhamichiana.org\\\/#\\\/schema\\\/logo\\\/image\\\/\",\"url\":\"https:\\\/\\\/mhamichiana.org\\\/wp-content\\\/uploads\\\/2024\\\/12\\\/MHAM-MHA-White-1.png\",\"contentUrl\":\"https:\\\/\\\/mhamichiana.org\\\/wp-content\\\/uploads\\\/2024\\\/12\\\/MHAM-MHA-White-1.png\",\"width\":2560,\"height\":427,\"caption\":\"Mental Health Awareness of Michiana\"},\"image\":{\"@id\":\"https:\\\/\\\/mhamichiana.org\\\/#\\\/schema\\\/logo\\\/image\\\/\"}}]}<\/script>\n<!-- \/ Yoast SEO plugin. -->","yoast_head_json":{"title":"Frustraciones mal encaminadas: Trauma y la experiencia negra, breves notas sobre un tema extenso - Concientizaci\u00f3n sobre la salud mental en Michiana","description":"Los participantes aprender\u00e1n sobre el impacto del racismo hist\u00f3rico, emocional e institucional en la comunidad negra.","robots":{"index":"index","follow":"follow","max-snippet":"max-snippet:-1","max-image-preview":"max-image-preview:large","max-video-preview":"max-video-preview:-1"},"canonical":"https:\/\/mhamichiana.org\/es\/event\/misguided-frustrations-trauma-and-the-black-experience-short-notes-on-a-long-topic\/","og_locale":"es_MX","og_type":"article","og_title":"Misguided Frustrations: Trauma and the Black Experience, Short Notes on a Long Topic - Mental Health Awareness of Michiana","og_description":"Participants will learn about the impact of historical, emotional and institutional racism on the Black community.","og_url":"https:\/\/mhamichiana.org\/es\/event\/misguided-frustrations-trauma-and-the-black-experience-short-notes-on-a-long-topic\/","og_site_name":"Mental Health Awareness of Michiana","article_modified_time":"2021-02-11T22:40:05+00:00","og_image":[{"width":1200,"height":630,"url":"https:\/\/mhamichiana.org\/wp-content\/uploads\/2021\/01\/MHAM_OG-IMG.jpg","type":"image\/jpeg"}],"twitter_card":"summary_large_image","twitter_misc":{"Tiempo de lectura":"1 minuto"},"schema":{"@context":"https:\/\/schema.org","@graph":[{"@type":"WebPage","@id":"https:\/\/mhamichiana.org\/event\/misguided-frustrations-trauma-and-the-black-experience-short-notes-on-a-long-topic\/","url":"https:\/\/mhamichiana.org\/event\/misguided-frustrations-trauma-and-the-black-experience-short-notes-on-a-long-topic\/","name":"Frustraciones mal encaminadas: Trauma y la experiencia negra, breves notas sobre un tema extenso - Concientizaci\u00f3n sobre la salud mental en Michiana","isPartOf":{"@id":"https:\/\/mhamichiana.org\/#website"},"datePublished":"2021-02-11T22:38:32+00:00","dateModified":"2021-02-11T22:40:05+00:00","description":"Los participantes aprender\u00e1n sobre el impacto del racismo hist\u00f3rico, emocional e institucional en la comunidad negra.","breadcrumb":{"@id":"https:\/\/mhamichiana.org\/event\/misguided-frustrations-trauma-and-the-black-experience-short-notes-on-a-long-topic\/#breadcrumb"},"inLanguage":"es","potentialAction":[{"@type":"ReadAction","target":["https:\/\/mhamichiana.org\/event\/misguided-frustrations-trauma-and-the-black-experience-short-notes-on-a-long-topic\/"]}]},{"@type":"BreadcrumbList","@id":"https:\/\/mhamichiana.org\/event\/misguided-frustrations-trauma-and-the-black-experience-short-notes-on-a-long-topic\/#breadcrumb","itemListElement":[{"@type":"ListItem","position":1,"name":"Home","item":"https:\/\/mhamichiana.org\/"},{"@type":"ListItem","position":2,"name":"Event","item":"https:\/\/mhamichiana.org\/event\/"},{"@type":"ListItem","position":3,"name":"Misguided Frustrations: Trauma and the Black Experience, Short Notes on a Long Topic"}]},{"@type":"WebSite","@id":"https:\/\/mhamichiana.org\/#website","url":"https:\/\/mhamichiana.org\/","name":"Concientizaci\u00f3n sobre la salud mental en Michiana","description":"Eliminar el estigma, fomentar la colaboraci\u00f3n y garantizar el acceso a la atenci\u00f3n m\u00e9dica.","publisher":{"@id":"https:\/\/mhamichiana.org\/#organization"},"potentialAction":[{"@type":"SearchAction","target":{"@type":"EntryPoint","urlTemplate":"https:\/\/mhamichiana.org\/?s={search_term_string}"},"query-input":{"@type":"PropertyValueSpecification","valueRequired":true,"valueName":"search_term_string"}}],"inLanguage":"es"},{"@type":"Organization","@id":"https:\/\/mhamichiana.org\/#organization","name":"Concientizaci\u00f3n sobre la salud mental en Michiana","url":"https:\/\/mhamichiana.org\/","logo":{"@type":"ImageObject","inLanguage":"es","@id":"https:\/\/mhamichiana.org\/#\/schema\/logo\/image\/","url":"https:\/\/mhamichiana.org\/wp-content\/uploads\/2024\/12\/MHAM-MHA-White-1.png","contentUrl":"https:\/\/mhamichiana.org\/wp-content\/uploads\/2024\/12\/MHAM-MHA-White-1.png","width":2560,"height":427,"caption":"Mental Health Awareness of Michiana"},"image":{"@id":"https:\/\/mhamichiana.org\/#\/schema\/logo\/image\/"}}]}},"_links":{"self":[{"href":"https:\/\/mhamichiana.org\/es\/wp-json\/wp\/v2\/event\/2128","targetHints":{"allow":["GET"]}}],"collection":[{"href":"https:\/\/mhamichiana.org\/es\/wp-json\/wp\/v2\/event"}],"about":[{"href":"https:\/\/mhamichiana.org\/es\/wp-json\/wp\/v2\/types\/event"}],"author":[{"embeddable":true,"href":"https:\/\/mhamichiana.org\/es\/wp-json\/wp\/v2\/users\/2"}],"wp:attachment":[{"href":"https:\/\/mhamichiana.org\/es\/wp-json\/wp\/v2\/media?parent=2128"}],"curies":[{"name":"wp","href":"https:\/\/api.w.org\/{rel}","templated":true}]}}

<p>Debra Stanley, fundadora y directora de Imani Unidad, y su colega Baye Sylvester, participarán en esta presentación virtual. Los participantes aprenderán sobre el impacto del racismo histórico, emocional e institucional en la comunidad afroamericana.</p>

Frustraciones mal encaminadas: Trauma y la experiencia negra, breves notas sobre un tema extenso - Concientización sobre la salud mental en Michiana

Los participantes aprenderán sobre el impacto del racismo histórico, emocional e institucional en la comunidad negra.

Concientización sobre la salud mental en Michiana

Eliminar el estigma, fomentar la colaboración y garantizar el acceso a la atención médica.
